0. Suppose 8*f - 31 = -4*a + 3*f, -o*a - 2*f = -14. List the prime factors of a.
2
Suppose w + 3*w + 5*r - 103 = 0, -5*r = 5. What are the prime factors of w?
3
Suppose 5*i = 20, -8 = 5*q - 2*i - 0*i. Suppose -5*r - 9 + 29 = q. Suppose -1 + r = y. List the prime factors of y.
3
Let q = 52 - 28. List the prime factors of q.
2, 3
What are the prime factors of 17200/70 - 4/(-14) - -4?
2, 5
Let v(z) be the second derivative of 5/2*z**2 - 1/6*z**3 + 1/12*z**4 - 2*z - 1/20*z**5 + 0. List the prime factors of v(0).
5
Let u = -48 - -100. Let o = -13 + u. List the prime factors of o.
3, 13
Let m be (-10)/(-3)*(-48)/(-5). Let t = m - 20. List the prime factors of 206/t + (-4)/24.
17
Let y(q) = 2*q - 2. Let n be y(4). Suppose 2*i - n = 4. Suppose -4*l + i*u = -6 - 1, -3*l - 2*u = -34. What are the prime factors of l?
2
Suppose 0*i - 8 = -4*i. List the prime factors of i.
2
Let b(g) = -g**3 + 4*g**2 - g - 4. Let u be b(4). Let s = 4 - u. List the prime factors of s.
2, 3
Let d = 91 + -45. List the prime factors of d.
2, 23
Let a(d) be the first derivative of -5*d**2/2 - 7*d + 1. Suppose i + 15 = -2*i. List the prime factors of a(i).
2, 3
Suppose 2*b - 118 + 40 = 4*p, 5*p - 106 = -3*b. What are the prime factors of b?
37
Let r(q) = q**2 - 7*q + 4. Let i be r(6). Let o = 2 - i. What are the prime factors of o?
2
Let w = 100 - 26. List the prime factors of w.
2, 37
Suppose 4 = i - g, 0 = -5*i + 3*g + 12 + 6. Suppose 0 = 6*d - d + 3*c - 7, -10 = -i*d + 4*c. Suppose 6 = d*h - 6. What are the prime factors of h?
2, 3
Let n = -42 + 101. List the prime factors of n.
59
Let a = -21 - -21. Let i(j) = j**2 + 20. List the prime factors of i(a).
2, 5
Suppose 5*g - r - 241 = -3*r, 96 = 2*g + r. List the prime factors of g.
7
Suppose 9 = 2*m - 5. Let d = -4 + m. Suppose -d*r - 30 = -4*w - r, -5*r = -4*w + 15. What are the prime factors of w?
2, 5
Let a be (4/6)/((-14)/(-21)). List the prime factors of (1/a)/(7/77).
11
Let s = -1 + 3. Let a(b) = 2*b - 1. Let p be a(s). Suppose 5*j = -25, 32 = 5*m - p*j + 7. What are the prime factors of m?
2
Let m be 114/7 - 2/7. Suppose 5*j = -9 - m. Let l = -1 - j. List the prime factors of l.
2
Suppose -11*b + 1176 = -4*b. List the prime factors of b.
2, 3, 7
Let x(o) = 14*o - 10. What are the prime factors of x(7)?
2, 11
Let f(o) = -3 + 0 + 2 - o. Let d be f(5). List the prime factors of 12*1*(-3)/d.
2, 3
Let d = -355 - -523. List the prime factors of d.
2, 3, 7
Let w(f) be the first derivative of -f**3/3 + 9*f**2/2 - 3*f + 3. Let c(y) = y**3 - 5*y**2 + 7*y - 5. Let s be c(4). What are the prime factors of w(s)?
11
Suppose -4*d - 93 = -5*d + 5*l, -5*d - 3*l + 465 = 0. List the prime factors of d.
3, 31
Let f(h) = h**3 + 5*h**2 - 5*h - 2. Let w be f(-6). Let u be (w/5)/((-2)/10). Suppose u*v - 3*v - 10 = 0. List the prime factors of v.
2
Suppose 5*o + 4*a = 25, 3*o - a = -0*a + 15. Suppose -2*h = n - 39, o*n + 28 = 3. What are the prime factors of h?
2, 11
Suppose 7 = -4*q - 5. Let n be (-2)/(-2)*(q - -13). Suppose 2*t - n = 12. List the prime factors of t.
11
Let r = -86 + 129. List the prime factors of r.
43
Suppose -5 - 9 = -y. Suppose -y - 8 = -l. List the prime factors of l.
2, 11
Suppose 5*h = 42 + 88. What are the prime factors of h?
2, 13
Let h(w) = 5*w**3 - w**2 - 3*w - 4. Let c(v) = -6*v**3 + v**2 + 3*v + 4. Let i(p) = 4*c(p) + 5*h(p). What are the prime factors of i(3)?
5
Let p be (18/2)/(6/4). Let g be (-9)/p*-22 + 1. Suppose 2*a - g = 3*f, 10 = 4*a - 2*f - 42. List the prime factors of a.
11
Suppose -4*g = 2*m - 72, -2*g + 4*m + 26 = -0. Let q = -2 + g. List the prime factors of q.
3, 5
Let t be (-264)/(-55) + 1/5. Suppose 2*o - t*m - 22 = o, -2*o + 5*m = -24. List the prime factors of o.
2
Let k(y) = -y**2 + 5*y + 6. Let v(l) = l**3 + 6*l**2 - 2*l - 7. Let p be v(-6). List the prime factors of k(p).
2, 3
Suppose -115*j + 111*j + 416 = 0. List the prime factors of j.
2, 13
Let z(r) = -4*r - 2. Let w be z(-2). Let k(d) = w*d + 2 - 2. What are the prime factors of k(2)?
2, 3
Suppose -4*s = -7*s + 9. Let m = 2 - s. What are the prime factors of 2 + m/1 - -4?
5
List the prime factors of 4/14 + 1130/14.
3
What are the prime factors of ((-5)/3 - -1)*(-4590)/34?
2, 3, 5
Let j = -7 + 27. List the prime factors of j.
2, 5
Let m(o) be the first derivative of -o**4/4 - o**3 + 3*o**2/2 + o - 1. Let l be m(-3). What are the prime factors of (0 + 21)*l/(-12)?
2, 7
Suppose 5*w - 3*f = 671, f = -4*w - 4*f + 559. List the prime factors of w.
2, 17
Let i(z) = -z**2 - 3*z + 4. Let p = 0 + -3. What are the prime factors of i(p)?
2
Let j = -3 + 9. Let x(l) = 2*l. Let q be x(-2). What are the prime factors of (j/q)/(1/(-2))?
3
Let u be (1 - (-22)/(-8))*-4. Let p be ((-6)/u)/((-6)/42). Let i = 1 + p. List the prime factors of i.
7
Let f(d) = d**3 - 5*d**2 + d - 3. Let c be f(5). Suppose -2 - c = -h. List the prime factors of h.
2
Let i(d) = -d**2 + 1. Let b(o) = 3*o**2 + 11*o - 15. Let n(m) = -b(m) - 2*i(m). List the prime factors of n(-11).
13
Let u(r) = -r**3 + 5*r**2 + 6*r + 1. Let j be u(6). Let y = 3 + j. List the prime factors of y.
2
Let j(n) = -n - 9. Let o(a) = -a - 1. Let z(g) = j(g) - 3*o(g). What are the prime factors of z(5)?
2
Let f(g) = -6*g + 5. List the prime factors of f(-3).
23
Let h = 83 + 40. Suppose 3*a - p + 4*p - h = 0, a - 4*p - 61 = 0. What are the prime factors of a?
3, 5
What are the prime factors of 4/14 - 341/(-7)?
7
Let t = -3 + 7. Suppose -3*x + t = 2*v - 8, 4 = 2*x. What are the prime factors of 8/v*18/8?
2, 3
Suppose 3*w + 3*h = -0*h - 21, 0 = w - 5*h + 25. Let u = -3 - w. List the prime factors of u.
7
Let u(j) = 6*j**2 - 4*j - 8 - 9*j**2 + 4*j**2. List the prime factors of u(6).
2
Suppose 9*h = 8*h + 3. Suppose 52 = -h*k + 4*k. List the prime factors of k.
2, 13
Suppose -3*w - 17 = -8, h - 3*w = 91. Let i = h + -54. What are the prime factors of i?
2, 7
Let r(l) = -l**3 - 7*l**2 + 3*l - 3. Let y be r(-8). Let q = -22 + y. What are the prime factors of q?
3, 5
What are the prime factors of 914/26 - (-6)/(-39)?
5, 7
Suppose 6*l - 11*l + 460 = 0. List the prime factors of l.
2, 23
Suppose v - 72 = j + j, -2*v + 168 = 2*j. What are the prime factors of v?
2, 5
Let m(g) = g + 17. Suppose u = -u. List the prime factors of m(u).
17
Suppose -z = v - 14, -4*z - 2*v - v = -60. List the prime factors of z.
2, 3
Let d(g) = 3*g**2 + 2*g - 2. Suppose 4*w - 2*a + 4 = -0*w, 5*w - 5*a = 0. Let l be d(w). What are the prime factors of 68/l + (-3)/9?
11
Let t = -9 - -14. Suppose 0*w + 145 = t*w. List the prime factors of w.
29
Let z(k) = 2*k**3 - k**2 - 2*k - 1. Let g be z(-1). Let p = 9 + g. What are the prime factors of p?
7
Let d(q) = q**2 + 2*q + 4. List the prime factors of d(-9).
67
Suppose -5*g + 30 = -0*g. List the prime factors of (g/(-9))/((-4)/78).
13
What are the prime factors of (-1689)/(-15) + (-6)/(-20)*-2?
2, 7
Let x = -3 + 24. Suppose -b + x = -15. What are the prime factors of b?
2, 3
Let i(q) = -q**2 - 9*q - 8. Suppose h - 4*g - 1 = -0, 2*g + 25 = -3*h. Let d be i(h). Suppose 2*m + 8 = d*m. What are the prime factors of m?
2
Let z(d) = 0*d + d + 0*d - 5 + 2*d. What are the prime factors of z(4)?
7
Suppose -3*h + 17 - 2 = 0. Suppose -3*n = -0*q + 2*q - 48, 52 = 4*q - h*n. What are the prime factors of q?
2, 3
Let q(h) = h**2 - 3*h - 2. Let j(m) = m**2 - 4*m - 7. Let t be j(6). Let s be q(t). Suppose -3*d = -2*d - s. What are the prime factors of d?
2
Let c(x) = x**2 + 3*x + 2. Let f be c(-3). Suppose 0 = z + 3*i - 20, 4*i = 3*z + 3 + f. List the prime factors of z.
5
Suppose -4*f - 452 = -5*g + g, g + 4*f = 103. What are the prime factors of g?
3, 37
Suppose 5*t = 1101 + 254. What are the prime factors of t?
271
List the prime factors of 4 - -12*56/12.
2, 3, 5
Let n = 21 - 3. Suppose n = -3*m + 5*m. Let g = 18 - m. What are the prime factors of g?
3
Let i be (-16)/(-6)*(-18)/6. What are the prime factors of 252/i*(-2)/3?
3, 7
Let y(b) = b**3 - b + 6. Let h = 2 - 0. Suppose 4*c - 6 = -c + 3*l, 0 = -h*c + l + 2. List the prime factors of y(c).
2, 3
Let h be ((-2)/(-2))/((-1)/7). Let p = h - -11. Suppose s = p - 2. What are the prime factors of s?
2
Let s(j) = 2*j - 5. Suppose 4*w + x = -22, 5*w - 2*x + 20 = -7*x. Let z be s(w). Let p = 25 + z. What are the prime factors of p?
2
Suppose 5 = -j, 4*j = 2*s + 2